{"id":746,"date":"2025-10-19T14:14:17","date_gmt":"2025-10-19T14:14:17","guid":{"rendered":"https:\/\/apsa.new.brandshow.pt\/?page_id=746"},"modified":"2025-10-19T14:14:17","modified_gmt":"2025-10-19T14:14:17","slug":"guiao-pit","status":"publish","type":"page","link":"https:\/\/apsa.new.brandshow.pt\/?page_id=746","title":{"rendered":"Gui\u00e3o PIT"},"content":{"rendered":"\n<p>Nesta p\u00e1gina ser\u00e3o disponibilizadas informa\u00e7\u00f5es sobre o <strong>Gui\u00e3o para Implementa\u00e7\u00e3o do PIT<\/strong> (Plano Individual de Transi\u00e7\u00e3o). Este guia pretende apoiar escolas, fam\u00edlias e profissionais no desenvolvimento de planos que facilitem a transi\u00e7\u00e3o escolar e profissional de jovens com S\u00edndrome de Asperger.<\/p>\n\n\n\n<p>Estamos a preparar o conte\u00fado completo do Gui\u00e3o, incluindo orienta\u00e7\u00f5es pr\u00e1ticas, exemplos de boas pr\u00e1ticas e ferramentas \u00fateis. Em breve disponibilizaremos o documento e recursos associados.<\/p>\n","protected":false},"excerpt":{"rendered":"<p>Nesta p\u00e1gina ser\u00e3o disponibilizadas informa\u00e7\u00f5es sobre o Gui\u00e3o para Implementa\u00e7\u00e3o do PIT (Plano Individual de Transi\u00e7\u00e3o). Este guia pretende apoiar escolas, fam\u00edlias e profissionais no desenvolvimento de planos que facilitem a transi\u00e7\u00e3o escolar e profissional de jovens com S\u00edndrome de Asperger. Estamos a preparar o conte\u00fado completo do Gui\u00e3o, incluindo orienta\u00e7\u00f5es pr\u00e1ticas, exemplos de boas [&hellip;]<\/p>\n","protected":false},"author":2,"featured_media":0,"parent":0,"menu_order":0,"comment_status":"closed","ping_status":"closed","template":"","meta":{"_acf_changed":false,"give_campaign_id":0,"_monsterinsights_skip_tracking":false,"_monsterinsights_sitenote_active":false,"_monsterinsights_sitenote_note":"","_monsterinsights_sitenote_category":0,"footnotes":""},"class_list":["post-746","page","type-page","status-publish","hentry"],"acf":[],"aioseo_notices":[],"campaignId":"","_links":{"self":[{"href":"https:\/\/apsa.new.brandshow.pt\/index.php?rest_route=\/wp\/v2\/pages\/746","targetHints":{"allow":["GET"]}}],"collection":[{"href":"https:\/\/apsa.new.brandshow.pt\/index.php?rest_route=\/wp\/v2\/pages"}],"about":[{"href":"https:\/\/apsa.new.brandshow.pt\/index.php?rest_route=\/wp\/v2\/types\/page"}],"author":[{"embeddable":true,"href":"https:\/\/apsa.new.brandshow.pt\/index.php?rest_route=\/wp\/v2\/users\/2"}],"replies":[{"embeddable":true,"href":"https:\/\/apsa.new.brandshow.pt\/index.php?rest_route=%2Fwp%2Fv2%2Fcomments&post=746"}],"version-history":[{"count":1,"href":"https:\/\/apsa.new.brandshow.pt\/index.php?rest_route=\/wp\/v2\/pages\/746\/revisions"}],"predecessor-version":[{"id":747,"href":"https:\/\/apsa.new.brandshow.pt\/index.php?rest_route=\/wp\/v2\/pages\/746\/revisions\/747"}],"wp:attachment":[{"href":"https:\/\/apsa.new.brandshow.pt\/index.php?rest_route=%2Fwp%2Fv2%2Fmedia&parent=746"}],"curies":[{"name":"wp","href":"https:\/\/api.w.org\/{rel}","templated":true}]}}