{"id":658,"date":"2025-10-19T14:50:00","date_gmt":"2025-10-19T14:50:00","guid":{"rendered":"https:\/\/apsa.new.brandshow.pt\/?page_id=658"},"modified":"2025-10-19T14:50:00","modified_gmt":"2025-10-19T14:50:00","slug":"links-uties","status":"publish","type":"page","link":"https:\/\/apsa.new.brandshow.pt\/?page_id=658","title":{"rendered":"Links \u00daties"},"content":{"rendered":"\n<p>Brevemente disponibilizaremos uma lista de links \u00fatis relacionados com a s\u00edndrome de Asperger, o espectro do autismo e outros recursos de apoio. Esta sec\u00e7\u00e3o estar\u00e1 em constante actualiza\u00e7\u00e3o para lhe proporcionar informa\u00e7\u00e3o fidedigna.<\/p>\n","protected":false},"excerpt":{"rendered":"<p>Brevemente disponibilizaremos uma lista de links \u00fatis relacionados com a s\u00edndrome de Asperger, o espectro do autismo e outros recursos de apoio. Esta sec\u00e7\u00e3o estar\u00e1 em constante actualiza\u00e7\u00e3o para lhe proporcionar informa\u00e7\u00e3o fidedigna.<\/p>\n","protected":false},"author":2,"featured_media":0,"parent":0,"menu_order":0,"comment_status":"closed","ping_status":"closed","template":"","meta":{"_acf_changed":false,"give_campaign_id":0,"_monsterinsights_skip_tracking":false,"_monsterinsights_sitenote_active":false,"_monsterinsights_sitenote_note":"","_monsterinsights_sitenote_category":0,"footnotes":""},"class_list":["post-658","page","type-page","status-publish","hentry"],"acf":[],"aioseo_notices":[],"campaignId":"","_links":{"self":[{"href":"https:\/\/apsa.new.brandshow.pt\/index.php?rest_route=\/wp\/v2\/pages\/658","targetHints":{"allow":["GET"]}}],"collection":[{"href":"https:\/\/apsa.new.brandshow.pt\/index.php?rest_route=\/wp\/v2\/pages"}],"about":[{"href":"https:\/\/apsa.new.brandshow.pt\/index.php?rest_route=\/wp\/v2\/types\/page"}],"author":[{"embeddable":true,"href":"https:\/\/apsa.new.brandshow.pt\/index.php?rest_route=\/wp\/v2\/users\/2"}],"replies":[{"embeddable":true,"href":"https:\/\/apsa.new.brandshow.pt\/index.php?rest_route=%2Fwp%2Fv2%2Fcomments&post=658"}],"version-history":[{"count":1,"href":"https:\/\/apsa.new.brandshow.pt\/index.php?rest_route=\/wp\/v2\/pages\/658\/revisions"}],"predecessor-version":[{"id":659,"href":"https:\/\/apsa.new.brandshow.pt\/index.php?rest_route=\/wp\/v2\/pages\/658\/revisions\/659"}],"wp:attachment":[{"href":"https:\/\/apsa.new.brandshow.pt\/index.php?rest_route=%2Fwp%2Fv2%2Fmedia&parent=658"}],"curies":[{"name":"wp","href":"https:\/\/api.w.org\/{rel}","templated":true}]}}