{"id":642,"date":"2025-10-19T14:50:00","date_gmt":"2025-10-19T14:50:00","guid":{"rendered":"https:\/\/apsa.new.brandshow.pt\/?page_id=642"},"modified":"2025-10-19T14:50:00","modified_gmt":"2025-10-19T14:50:00","slug":"ser-associado","status":"publish","type":"page","link":"https:\/\/apsa.new.brandshow.pt\/?page_id=642","title":{"rendered":"Ser Associado"},"content":{"rendered":"\n<p>Ser associado da APSA significa apoiar a miss\u00e3o da Associa\u00e7\u00e3o Portuguesa de S\u00edndrome de Asperger e contribuir para a integra\u00e7\u00e3o social das pessoas com S\u00edndrome de Asperger. Ao tornar-se associado, beneficia de v\u00e1rias vantagens e apoios.<\/p>\n\n\n\n<ul class=\"wp-block-list\">\n<li>Ajudar e fomentar a integra\u00e7\u00e3o social das pessoas com S\u00edndrome de Asperger, proporcionando apoio especializado.<\/li>\n<li>Reduzir o custo de livros e outros materiais, atrav\u00e9s de contactos com editoras que oferecem pre\u00e7os mais acess\u00edveis.<\/li>\n<li>Disponibilizar atendimento telef\u00f3nico ou presencial a fam\u00edlias e indiv\u00edduos, esclarecendo d\u00favidas e apoiando em diferentes situa\u00e7\u00f5es.<\/li>\n<li>Organizar eventos, actividades de lazer, ac\u00e7\u00f5es de forma\u00e7\u00e3o e sensibiliza\u00e7\u00e3o que proporcionam novas oportunidades e experi\u00eancias.<\/li>\n<li>Promover encontros tem\u00e1ticos para pais e familiares, onde podem partilhar experi\u00eancias, dificuldades e estrat\u00e9gias.<\/li>\n<li>Realizar forma\u00e7\u00e3o e confer\u00eancias em centros de refer\u00eancia, dirigidas a cuidadores e profissionais.<\/li>\n<li>Estabelecer parcerias com centros e associa\u00e7\u00f5es de desenvolvimento que disponibilizam condi\u00e7\u00f5es especiais aos associados.<\/li>\n<li>Emitir cart\u00e3o de associado que d\u00e1 direito a descontos junto de parceiros.<\/li>\n<li>Divulgar uma newsletter com informa\u00e7\u00e3o relevante para a comunidade (quando existente).<\/li>\n<li>Possibilidade de participar como volunt\u00e1rio na \u201cCasa Grande\u201d, projecto de resid\u00eancia e forma\u00e7\u00e3o pr\u00e9-profissional da APSA.<\/li>\n<\/ul>\n\n\n\n<p>A quota de associado \u00e9 de 8&nbsp;\u20ac por m\u00eas (ou 96&nbsp;\u20ac por ano). O pagamento pode ser efectuado atrav\u00e9s de MB Way ou por transfer\u00eancia banc\u00e1ria (NIB), de acordo com a op\u00e7\u00e3o mais conveniente.<\/p>\n","protected":false},"excerpt":{"rendered":"<p>Ser associado da APSA significa apoiar a miss\u00e3o da Associa\u00e7\u00e3o Portuguesa de S\u00edndrome de Asperger e contribuir para a integra\u00e7\u00e3o social das pessoas com S\u00edndrome de Asperger. Ao tornar-se associado, beneficia de v\u00e1rias vantagens e apoios. Ajudar e fomentar a integra\u00e7\u00e3o social das pessoas com S\u00edndrome de Asperger, proporcionando apoio especializado. Reduzir o custo de [&hellip;]<\/p>\n","protected":false},"author":2,"featured_media":0,"parent":0,"menu_order":0,"comment_status":"closed","ping_status":"closed","template":"","meta":{"_acf_changed":false,"give_campaign_id":0,"_monsterinsights_skip_tracking":false,"_monsterinsights_sitenote_active":false,"_monsterinsights_sitenote_note":"","_monsterinsights_sitenote_category":0,"footnotes":""},"class_list":["post-642","page","type-page","status-publish","hentry"],"acf":[],"aioseo_notices":[],"campaignId":"","_links":{"self":[{"href":"https:\/\/apsa.new.brandshow.pt\/index.php?rest_route=\/wp\/v2\/pages\/642","targetHints":{"allow":["GET"]}}],"collection":[{"href":"https:\/\/apsa.new.brandshow.pt\/index.php?rest_route=\/wp\/v2\/pages"}],"about":[{"href":"https:\/\/apsa.new.brandshow.pt\/index.php?rest_route=\/wp\/v2\/types\/page"}],"author":[{"embeddable":true,"href":"https:\/\/apsa.new.brandshow.pt\/index.php?rest_route=\/wp\/v2\/users\/2"}],"replies":[{"embeddable":true,"href":"https:\/\/apsa.new.brandshow.pt\/index.php?rest_route=%2Fwp%2Fv2%2Fcomments&post=642"}],"version-history":[{"count":1,"href":"https:\/\/apsa.new.brandshow.pt\/index.php?rest_route=\/wp\/v2\/pages\/642\/revisions"}],"predecessor-version":[{"id":643,"href":"https:\/\/apsa.new.brandshow.pt\/index.php?rest_route=\/wp\/v2\/pages\/642\/revisions\/643"}],"wp:attachment":[{"href":"https:\/\/apsa.new.brandshow.pt\/index.php?rest_route=%2Fwp%2Fv2%2Fmedia&parent=642"}],"curies":[{"name":"wp","href":"https:\/\/api.w.org\/{rel}","templated":true}]}}